4*6/(-192). Calculate the greatest common factor of t and c.
30
Suppose 0 = -36*x + 148 + 1112. What is the greatest common divisor of x and 1435?
35
Suppose -3002 = -20484*k + 20483*k. Calculate the greatest common divisor of 1106 and k.
158
Suppose -2*p - 11*p = 0. Suppose 5*l + 10 = p, 3*c - 212 = -5*l + 345. What is the highest common factor of 27 and c?
27
Let k be (-553)/14 + (-1)/2. Let s = k + 74. Suppose 2*v = 7*v + 2*q - s, -2*q + 16 = 2*v. What is the greatest common factor of v and 42?
6
Suppose -1031*c - 187 = -1036*c - l, -5*l - 73 = -3*c. Calculate the highest common divisor of 1916 and c.
4
Suppose -308 = -3*t - 4*t - 15*t. Let j(k) = k**2 - 6*k - 9. Let b be j(12). What is the greatest common factor of b and t?
7
Let w = -91 + 84. Let g(p) = -5*p - 33. Let b be g(w). Let s be b*(-1)/((-42)/(-22) + -2). What is the greatest common divisor of s and 66?
22
Suppose -9*w + 2364 = -5*w. Let p = w + -524. What is the greatest common factor of 1 and p?
1
Suppose 144*g - 13240 = -1576. Calculate the greatest common factor of g and 72.
9
Suppose 3*f = -k + 78, 5*f - 8*f + 3*k + 66 = 0. Let l be (-102)/(-510)*5*5. What is the greatest common divisor of l and f?
5
Let c be 4/(60/765) - -5. What is the greatest common factor of c and 2506?
14
Let j be (-3)/(-6)*(2 + -112). Let d = j - -27. Let u = 41 + d. Calculate the highest common divisor of 104 and u.
13
Suppose -t - 5 = 3*t + 3*k, 2*k = -t - 5. Suppose -2*d - 4*o - 3 = 15, -4*o - 22 = -2*d. What is the highest common divisor of t and d?
1
Let v = 7 + -1. Suppose -2*n = 3*y - v, y = 2*y - 2. Suppose 0*s + s + 5*t - 29 = n, -3*t - 5 = -5*s. Calculate the greatest common divisor of 36 and s.
4
Let f(n) = n**2 - 122*n + 2670. Let d be f(104). Calculate the greatest common factor of 9310 and d.
266
Let s = 16 - 4. Let a = -95 + 66. Let j = a + 41. Calculate the highest common divisor of s and j.
12
Let b(p) = -p**2 - 4*p + 20. Let g(o) = 3*o**2 + 3*o. Let j be g(-3). Suppose 2*c + j = -c. Let r be b(c). What is the greatest common divisor of 2 and r?
2
Let f = -499 + 500. What is the highest common factor of f and 932?
1
Let x = 40 + -18. Let a(p) = -9*p**2 - 50*p + 17. Let d be a(8). Let r = d + 981. Calculate the greatest common factor of r and x.
22
Let t(n) = 6*n**3 + 3*n**2 - 5*n + 7. Let f be t(2). Let r(b) = 35*b + 674. Let y be r(-16). What is the greatest common divisor of y and f?
57
Let n(g) = -42*g - 171. Let k be n(-9). Let h = 350 - k. Calculate the greatest common divisor of 13 and h.
13
Let t(q) = -q**3 - 6*q**2 - 26*q - 9. Let g be t(-13). Calculate the highest common factor of g and 630.
126
Let z be (-6)/((-24)/20)*(-66)/(-10). Suppose -2*i = 2*l - 716, -2*i + 4*l + 1472 = 2*i. Calculate the greatest common divisor of i and z.
33
Let v(x) = -95*x + 1934. Let a be v(20). Calculate the highest common divisor of 3723 and a.
17
Let b be (-2)/(-12) + -1508*(-8)/192. What is the greatest common factor of b and 30?
3
Let q = -366 - -1476. Suppose -q = 12*w - 49*w. Suppose 0 = t + 2*b - 10, 0 = -t + 4*t - 5*b - 41. What is the highest common factor of w and t?
6
Let d be (-9486776)/(-8892) - (10/45 + 4/6). Let r(k) = 8*k + 2. Let a be r(3). What is the highest common divisor of a and d?
26
Suppose 2*s - 361 - 73 = -2*q, -5*s + 425 = 2*q. What is the greatest common divisor of 80 and q?
20
Let d = 324 - 180. Suppose 5*x + q = 7, 1 = -4*x + 9*x + 3*q. Suppose -c - x*c = -t - 52, 4*c + 2*t = 56. Calculate the highest common factor of d and c.
16
Let l(f) = -3*f - 9. Let p be l(-3). Let t(w) = -7 + p*w + 4*w**2 + 3*w - 2*w + w. Let r be t(4). Calculate the greatest common divisor of r and 13.
13
Let b = 36 + -34. Suppose -18 = -b*h - 12. Suppose 5*q - 10 = 5*o, 0*q + 5*q - 12 = h*o. What is the greatest common factor of q and 48?
3
Let y(a) = a**3 + 15*a**2 + 42*a + 30. Let p(v) = v**2 + 2*v - 58. Let t be p(-8). Let q be y(t). Calculate the highest common factor of q and 66.
22
Let s = 48 + -42. Suppose -362 = -s*r + 142. Calculate the highest common factor of r and 756.
84
Suppose -2*l + 132 = -4*q + 8, 3*q = 0. Suppose -6*x - 2*h = -x - 8, 3 = 4*x + 5*h. Suppose -x*n - 93 = -3*n. Calculate the greatest common factor of l and n.
31
Let n be (2*21/30)/((-7)/(-323 + 8)). What is the highest common divisor of 28 and n?
7
Let a be (15/45)/(-3*4/(-324)). What is the highest common divisor of 27 and a?
9
Let r = 265 + -139. Let g be -5 - (6 - 6) - (-9 - 1). Suppose -k + 0*k - 5*z = -4, -4*k + g*z + 66 = 0. Calculate the greatest common factor of k and r.
14
Let n = -297 + 300. Suppose n*a + 87 = 2*l - 16, 205 = 5*l + 3*a. What is the highest common divisor of l and 198?
22
Let o be (5 - 5)/(3 + 0). Suppose o = h + 2, 3*n + 2*h - 3266 = n. Let j be -2 - (n/(-20) + 2/(-8)). Calculate the highest common divisor of j and 10.
10
Let a = -8426 - -8469. What is the greatest common divisor of a and 10277?
43
Let m(b) = 293*b**2 - 163*b - 329. Let x be m(-2). What is the highest common factor of x and 7?
7
Let l be 94*((-2)/(-4) - 0). Let i be ((0 - 27)/(-9))/(3 + -2) + 514. Calculate the greatest common factor of l and i.
47
Let r(c) = 5*c**2 + c + 16. Let j be r(-4). Suppose -172 = 4*f + 52. Let q = f + j. What is the highest common divisor of 24 and q?
12
Let j = -812 + 816. Suppose j*t - 171 = o + 59, -4*t = 3*o - 238. Suppose -v + 95 = -50. Calculate the greatest common factor of t and v.
29
Let h be ((-296)/(-3) - 0)*3. Suppose 40 = 3*n + 4*y, 152 = 4*n - 2*y + 128. Calculate the greatest common divisor of n and h.
8
Let i = 2 - 137. Let r = i + 138. What is the greatest common factor of r and 6?
3
Suppose 9*y = 5*y + 180. Let w be (-2)/(-1) + 24/(-4). Let c be (-12)/w - (-14 + -1). Calculate the highest common factor of c and y.
9
Let x(j) = 5*j**2 - 15*j - 12. Let s(k) = 1. Let p(l) = 2*s(l) + x(l). Let i be p(-6). What is the highest common factor of 20 and i?
20
Suppose 0 = -2*a + 2*c + 108, a + 5*c = 16 + 14. What is the highest common divisor of 2900 and a?
50
Suppose -2269 = -6*k + 732 + 1097. Calculate the highest common factor of k and 3.
1
Let r be (-19968)/(-364) - 5/105*-3. What is the greatest common divisor of r and 445?
5
Let k be (11 - 525/45)*75*-2. Calculate the greatest common factor of 825 and k.
25
Let l be (-12)/(-3) + -11 + 2. Let s be -23*(0/1 + l/5). Suppose b - s = -0. Calculate the highest common divisor of b and 115.
23
Suppose 10*k - 84 = 6*k. Let j(o) = -6*o + 47 + 0*o**2 + o - 18*o + o**2. Let f be j(k). Calculate the greatest common divisor of 45 and f.
5
Suppose 794*u = 788*u + 18. Suppose 5*t = 3*w + 2865, -4*t + 2*w = -u*t - 566. Calculate the greatest common divisor of 64 and t.
64
Let o(l) = 16*l**2 - 2*l - 1. Let v be o(-1). Suppose -605 = -5*j - 595. Suppose j*u - v = 27. What is the highest common factor of 66 and u?
22
Suppose 34*j - 4*m = 35*j + 9, 5*j + 3*m = 6. Suppose -r - 2*r + 2*l + 751 = 0, -4*r + j*l = -1000. Calculate the highest common factor of r and 11.
11
Let j = 206 - 159. Suppose -h + j = -8. Calculate the greatest common divisor of h and 5.
5
Suppose n = 5*y + 6046, 28156 = 5*n - y - 1882. What is the greatest common factor of 3 and n?
3
Let t(d) = 27*d - 7. Let k be t(7). Let q = -15041 - -15093. Calculate the highest common factor of k and q.
26
Let g be ((162/(-45))/((-3)/5))/(6/28). Let d(c) = -c**2 + c - 5. Let f be d(7). Let v = -19 - f. What is the highest common divisor of v and g?
28
Suppose -150*u + 75*u + 71*u = -192. Calculate the highest common divisor of u and 824.
8
Let i(h) = h**2 - 18*h + 18. Let u be i(10). Let l = 80 - u. Calculate the greatest common divisor of 2 and l.
2
Let u(k) = 2*k. Let d be u(5). Suppose 0 = -2*i + 2501*o - 2496*o + 90, o - 333 = -5*i. Calculate the highest common factor of i and d.
5
Suppose -641*c = -647*c + 1080. Let j = c + -45. What is the highest common factor of j and 45?
45
Suppose 44*u - 360759 = -8*u + 11*u. Calculate the greatest common factor of u and 21.
21
Suppose 3*x - 743 + 104 = 0. Suppose -x - 5 = -4*f + 3*k, -2*k = 4. Calculate the greatest common divisor of f and 53.
53
Suppose 20*q - 22*q = -16. Suppose -4*a + 226 = 62. Let o = 81 - a. Calculate the greatest common factor of q and o.
8
Suppose -70*a + 8960 = -56*a. Calculate the greatest common divisor of a and 30.
